{"id":128,"date":"2015-04-21T22:14:28","date_gmt":"2015-04-21T20:14:28","guid":{"rendered":"http:\/\/www.willkommen.ro\/wordpress\/?page_id=128"},"modified":"2022-10-30T12:40:04","modified_gmt":"2022-10-30T11:40:04","slug":"familie-schoell","status":"publish","type":"page","link":"https:\/\/blog.willkommen.ro\/?page_id=128","title":{"rendered":"Der Anfang"},"content":{"rendered":"\n<p>Michael Sch\u00f6ll beschreibt, wie alles begonnen hat:<\/p>\n\n\n\n<p>Angefangen hat alles mit dem gemeinsamen Wunsch meiner Frau Christiane und mir, f\u00fcr ein soziales Projekt ins Ausland zu gehen. Nachdem wir 2011 unseren gemeinsamen Weg begonnen hatten, war f\u00fcr uns klar, dass wir dies in die Tat umsetzen wollen. Aufgrund meines Auslandssemesters 2004\/2005 in der sch\u00f6nen Stadt Brasov\/Kronstadt&nbsp; hatte ich dort bereits Kontakte und wusste, dass dort viel Bedarf bestand. Es folgte ein erster Aufenthalt in Rum\u00e4nien im Rahmen einer Entsendung von Christiane durch die evangelische Landeskirche W\u00fcrttemberg mit unserem inzwischen geborenen Sohn Simon. In dieser Zeit haben wir viel erlebt und in unserer Freizeit erste Erfahrungen mit Kinder- und Jugendarbeit gesammelt. Es war beeindruckend, wie gut unsere Angebote angenommen wurden. Dieser erste Aufenthalt war durch die Geburt unserer Tochter Johanna im Mai 2014 deutlich k\u00fcrzer als geplant. Umso mehr freuen wir uns, dass wir inzwischen mit der Unterst\u00fctzung von des Vereins hier Kindern und Jugendlichen helfen k\u00f6nnen: Eine oft sehr schwierige und trotzdem immer wieder sehr befriedigendeAufgabe.<\/p>\n\n\n\n<p>Inzwischen ist das Jahr 2022 (oder sogar noch sp\u00e4ter). Wir haben vier Kinder im Alter zwischen 4 und 10 Jahren. Die Arbeit l\u00e4uft weiter und wird gr\u00f6\u00dfer. Wir arbeiten mit mehr Menschen und Organisationen zusammen. Es war eine gute Entscheidung, hier her zu kommen!<\/p>\n\n\n\n<figure class=\"wp-block-image size-large\"><img loading=\"lazy\" decoding=\"async\" width=\"1024\" height=\"768\" src=\"https:\/\/blog.willkommen.ro\/wp-content\/uploads\/2022\/10\/IMG_20220607_204918-1024x768.jpg\" alt=\"\" class=\"wp-image-1480\" srcset=\"https:\/\/blog.willkommen.ro\/wp-content\/uploads\/2022\/10\/IMG_20220607_204918-1024x768.jpg 1024w, https:\/\/blog.willkommen.ro\/wp-content\/uploads\/2022\/10\/IMG_20220607_204918-300x225.jpg 300w, https:\/\/blog.willkommen.ro\/wp-content\/uploads\/2022\/10\/IMG_20220607_204918-768x576.jpg 768w, https:\/\/blog.willkommen.ro\/wp-content\/uploads\/2022\/10\/IMG_20220607_204918-1536x1152.jpg 1536w, https:\/\/blog.willkommen.ro\/wp-content\/uploads\/2022\/10\/IMG_20220607_204918-2048x1536.jpg 2048w\" sizes=\"auto, (max-width: 767px) 89vw, (max-width: 1000px) 54vw, (max-width: 1071px) 543px, 580px\" \/><figcaption>Christiane und Michael Sch\u00f6ll auf einem H\u00fcgel in ihrem Wohnort Cobor\/Rum\u00e4nien<\/figcaption><\/figure>\n","protected":false},"excerpt":{"rendered":"<p>Michael Sch\u00f6ll beschreibt, wie alles begonnen hat: Angefangen hat alles mit dem gemeinsamen Wunsch meiner Frau Christiane und mir, f\u00fcr ein soziales Projekt ins Ausland zu gehen. Nachdem wir 2011 unseren gemeinsamen Weg begonnen hatten, war f\u00fcr uns klar, dass wir dies in die Tat umsetzen wollen. Aufgrund meines Auslandssemesters 2004\/2005 in der sch\u00f6nen Stadt &hellip; <\/p>\n<p class=\"link-more\"><a href=\"https:\/\/blog.willkommen.ro\/?page_id=128\" class=\"more-link\"><span class=\"screen-reader-text\">\u201eDer Anfang\u201c<\/span> weiterlesen<\/a><\/p>\n","protected":false},"author":1,"featured_media":0,"parent":0,"menu_order":0,"comment_status":"open","ping_status":"open","template":"","meta":{"ngg_post_thumbnail":0,"footnotes":""},"class_list":["post-128","page","type-page","status-publish","hentry"],"_links":{"self":[{"href":"https:\/\/blog.willkommen.ro\/index.php?rest_route=\/wp\/v2\/pages\/128","targetHints":{"allow":["GET"]}}],"collection":[{"href":"https:\/\/blog.willkommen.ro\/index.php?rest_route=\/wp\/v2\/pages"}],"about":[{"href":"https:\/\/blog.willkommen.ro\/index.php?rest_route=\/wp\/v2\/types\/page"}],"author":[{"embeddable":true,"href":"https:\/\/blog.willkommen.ro\/index.php?rest_route=\/wp\/v2\/users\/1"}],"replies":[{"embeddable":true,"href":"https:\/\/blog.willkommen.ro\/index.php?rest_route=%2Fwp%2Fv2%2Fcomments&post=128"}],"version-history":[{"count":2,"href":"https:\/\/blog.willkommen.ro\/index.php?rest_route=\/wp\/v2\/pages\/128\/revisions"}],"predecessor-version":[{"id":1628,"href":"https:\/\/blog.willkommen.ro\/index.php?rest_route=\/wp\/v2\/pages\/128\/revisions\/1628"}],"wp:attachment":[{"href":"https:\/\/blog.willkommen.ro\/index.php?rest_route=%2Fwp%2Fv2%2Fmedia&parent=128"}],"curies":[{"name":"wp","href":"https:\/\/api.w.org\/{rel}","templated":true}]}}

<p>Michael Schöll beschreibt, wie alles begonnen hat:</p>



<p>Angefangen hat alles mit dem gemeinsamen Wunsch meiner Frau Christiane und mir, für ein soziales Projekt ins Ausland zu gehen. Nachdem wir 2011 unseren gemeinsamen Weg begonnen hatten, war für uns klar, dass wir dies in die Tat umsetzen wollen. Aufgrund meines Auslandssemesters 2004/2005 in der schönen Stadt Brasov/Kronstadt&nbsp; hatte ich dort bereits Kontakte und wusste, dass dort viel Bedarf bestand. Es folgte ein erster Aufenthalt in Rumänien im Rahmen einer Entsendung von Christiane durch die evangelische Landeskirche Württemberg mit unserem inzwischen geborenen Sohn Simon. In dieser Zeit haben wir viel erlebt und in unserer Freizeit erste Erfahrungen mit Kinder- und Jugendarbeit gesammelt. Es war beeindruckend, wie gut unsere Angebote angenommen wurden. Dieser erste Aufenthalt war durch die Geburt unserer Tochter Johanna im Mai 2014 deutlich kürzer als geplant. Umso mehr freuen wir uns, dass wir inzwischen mit der Unterstützung von des Vereins hier Kindern und Jugendlichen helfen können: Eine oft sehr schwierige und trotzdem immer wieder sehr befriedigendeAufgabe.</p>



<p>Inzwischen ist das Jahr 2022 (oder sogar noch später). Wir haben vier Kinder im Alter zwischen 4 und 10 Jahren. Die Arbeit läuft weiter und wird größer. Wir arbeiten mit mehr Menschen und Organisationen zusammen. Es war eine gute Entscheidung, hier her zu kommen!</p>



<figure class="wp-block-image size-large"><img loading="lazy" decoding="async" width="1024" height="768" src="https://blog.willkommen.ro/wp-content/uploads/2022/10/IMG_20220607_204918-1024x768.jpg" alt="" class="wp-image-1480" srcset="https://blog.willkommen.ro/wp-content/uploads/2022/10/IMG_20220607_204918-1024x768.jpg 1024w, https://blog.willkommen.ro/wp-content/uploads/2022/10/IMG_20220607_204918-300x225.jpg 300w, https://blog.willkommen.ro/wp-content/uploads/2022/10/IMG_20220607_204918-768x576.jpg 768w, https://blog.willkommen.ro/wp-content/uploads/2022/10/IMG_20220607_204918-1536x1152.jpg 1536w, https://blog.willkommen.ro/wp-content/uploads/2022/10/IMG_20220607_204918-2048x1536.jpg 2048w" sizes="auto, (max-width: 767px) 89vw, (max-width: 1000px) 54vw, (max-width: 1071px) 543px, 580px" /><figcaption>Christiane und Michael Schöll auf einem Hügel in ihrem Wohnort Cobor/Rumänien</figcaption></figure>

<p>Michael Schöll beschreibt, wie alles begonnen hat: Angefangen hat alles mit dem gemeinsamen Wunsch meiner Frau Christiane und mir, für ein soziales Projekt ins Ausland zu gehen. Nachdem wir 2011 unseren gemeinsamen Weg begonnen hatten, war für uns klar, dass wir dies in die Tat umsetzen wollen. Aufgrund meines Auslandssemesters 2004/2005 in der schönen Stadt &hellip; </p>
<p class="link-more"><a href="https://blog.willkommen.ro/?page_id=128" class="more-link"><span class="screen-reader-text">„Der Anfang“</span> weiterlesen</a></p>
